35 = 5*n - 2*n. Let u be 5/(25/(-565))*-10. Suppose -326 - u = -16*f. What is the greatest common factor of n and f?
13
Let c be 10 - 3/(-2)*(-20 + 18). Suppose -c*a = -240 + 51. Let o = 8 + 10. Calculate the greatest common divisor of o and a.
9
Let t = 246 - 240. Suppose 4*n - t*n + 22 = 0. Calculate the highest common factor of 869 and n.
11
Let y be (-26 - (-10 - -12))*92/(-2). What is the highest common divisor of 392 and y?
56
Let f be (-3)/(-6) - 982/(-36) - (-752)/3384. Calculate the greatest common factor of 20804 and f.
28
Let t(l) = -l**2 - 10*l - 17. Let o be (0 - -2)*(-8)/(-16). Suppose 0 = -6*w - 37 + o. Let g be t(w). Calculate the highest common factor of 21 and g.
7
Suppose 96 = 2*a - 4*b, 4*a + 136*b = 133*b + 192. Calculate the greatest common divisor of 2544 and a.
48
Suppose -790 = -5*z + 2*h, 3*z + 125 = 3*h + 590. Calculate the highest common divisor of 2128 and z.
16
Let x be ((-66)/44)/(-1 - 230/(-236)). Let o = x - 61. Let s be ((-22)/(-6) + o)*39. Calculate the greatest common divisor of s and 13.
13
Let k(p) = -p**3 - 26*p**2 - 28*p - 30. Let x be k(-25). Suppose -x = -19*q - 7. What is the highest common divisor of 106 and q?
2
Suppose -217*k = -216*k - 3*h - 20, 4*k - 3*h = 62. Calculate the greatest common divisor of 29246 and k.
14
Let a = 131 + -127. Suppose -a*z + 2*c = -0*z - 38, c = -2*z + 9. What is the greatest common divisor of z and 217?
7
Let h(j) = 2*j**3 - 6*j**2 - 18 - j**3 + 7*j + j**2. Let y be h(9). Calculate the highest common factor of 9 and y.
9
Let z = 129 - 61. Let x = -1478 + 1580. Calculate the greatest common divisor of z and x.
34
Let m be (690165/(-294))/((-1)/(-30) - 3/9). What is the highest common factor of 25 and m?
25
Suppose -o - 3*k + 281 = -493, k = -4*o + 3041. Suppose 3*j = 132 + 75. Calculate the greatest common divisor of j and o.
69
Suppose 2*i + 4*u - 77 = 7, 18 = -3*u. Calculate the greatest common divisor of i and 2394.
18
Let q be ((-3 - -1) + -66)*(26 + 3372/(-48)). What is the highest common factor of q and 51?
51
Suppose -4*g - 12 = -24, 5*g = 4*i - 2037. What is the highest common factor of i and 1971?
27
Let p be (-8)/(-6) - (-3056)/48. Let i(q) = -q**3 - 2*q**2 + 34*q + 8. Let a be i(-7). What is the greatest common factor of a and p?
5
Suppose 14*l - 723 + 219 = 0. Suppose l = 4*o - 52. What is the greatest common factor of o and 154?
22
Suppose 132*r - 130*r - 4 = 0. Let j(d) = -2*d**3 - 3*d**2 + 4*d + 12. Let w be j(-3). Calculate the greatest common divisor of w and r.
1
Let r be 9*-3*(-4 - 3/(-3)). Suppose 3*u = 3*d - 4*d + r, 3*u = -3*d + 87. Suppose x + u = 44. What is the greatest common factor of 18 and x?
18
Let g be 90/12*(68/12 - 3). Suppose -g*o + 1408 - 448 = 0. Suppose -34*k + 35*k - o = 0. Calculate the highest common factor of k and 6.
6
Let u = 9702 + -9351. What is the greatest common factor of u and 39?
39
Let u(i) be the second derivative of -i**5/20 - 11*i**4/12 - 10*i**3/3 + 7*i**2 - 27*i. Let p be u(-9). What is the greatest common divisor of 2 and p?
2
Suppose -i - 577 = -5*b + i, -5*i = -2*b + 214. Suppose -112*k - 460 = -b*k. What is the greatest common divisor of 4 and k?
4
Let k = 2718 + -1698. What is the greatest common factor of 36 and k?
12
Let n = -1781 - -1783. Suppose 0 = -3*s + 5 + 10. Suppose -s*o - 7 = -57. What is the greatest common factor of o and n?
2
Suppose 2*p + 26*g = 25*g + 10542, 4*g - 10560 = -2*p. What is the greatest common divisor of 12 and p?
12
Suppose -3*h + 4*m - 22 = 0, h + m = -4*m - 39. Let q be (7/(h/(-12)))/(4/8). Calculate the greatest common factor of q and 100.
4
Suppose 4*u - 37142 = -g, -37166 = -4*u + 1468*g - 1465*g. What is the greatest common factor of u and 37?
37
Let z be 3 - (-14)/(-2 - 0). Let h = z - -5. Suppose 3*u = -5*d + 18, 35 + 3 = 4*u + 2*d. Calculate the greatest common divisor of h and u.
1
Let p be (-1507)/3 + (-6)/9. Let n = -481 - p. What is the greatest common factor of n and 165?
11
Suppose 0*o + 4*o + y - 918 = 0, -684 = -3*o - 3*y. Calculate the highest common factor of 40 and o.
10
Let u(c) = -4*c + 47. Let l be u(11). Let v(r) = 7*r + 28. Let z be v(l). Calculate the greatest common factor of z and 7.
7
Suppose 177*v - 2960 = -119*v. What is the greatest common divisor of v and 9545?
5
Suppose 0 = -5*u - 2*a + 174, 20*u - 25*u + 9*a + 207 = 0. What is the greatest common factor of u and 72?
36
Let f be 4/(40/15)*22/3. Suppose -2*j = f*j - 338. What is the highest common divisor of 4 and j?
2
Let o(u) = -u**3 + 9*u**2 + 5*u + 1. Let m be o(6). Let f = 211 - m. Calculate the highest common factor of f and 120.
24
Suppose 5*o + 2*s - 189 = 0, -5*s - 32 = -2*o + 61. Let l = 13 + -9. Suppose -m + o - 12 = a, 56 = 2*a + l*m. Calculate the highest common divisor of 286 and a.
26
Let p = 21904 + -4744. Suppose -p = -5*v - 8*v. Suppose 11*k = -0*k + v. Calculate the greatest common factor of k and 8.
8
Suppose 25*h + 960 = 31*h. Let b = -128 + h. What is the highest common divisor of 32 and b?
32
Suppose 2*k + 5*h = 33, h + 44 + 25 = 5*k. Suppose -k*d + 264 = -10*d. What is the greatest common factor of 44 and d?
22
Suppose 83993 - 84326 = -37*d. Let a(p) = -18*p + 9. Let r be a(-7). Let k = 216 - r. Calculate the highest common factor of d and k.
9
Let y = 65 - 61. Suppose y*x + 24 = -2*p, 3*x + 5*p = x + 4. Let n be ((-121)/(-2))/(x/(-16)). Calculate the greatest common factor of n and 11.
11
Let g be (-104)/(8 - 16) + 2 + -2. What is the highest common divisor of 15899 and g?
13
Let k be (0 - 6)*16/(-6). Let s(t) = -3*t**2 - 11*t + 33. Let i be s(6). Let f = i + 269. What is the greatest common divisor of f and k?
16
Let z = 3213 - 1705. What is the highest common factor of z and 52?
52
Let a(j) = -24*j - 3. Let t(f) = -2*f**2 + 6. Let m be t(-2). Let b be a(m). What is the greatest common factor of b and 9?
9
Let u be 0 - ((-4)/(-2))/2. Let c = -2636 + 2633. Let v be (1 - (c - -3))/(u/(-23)). What is the highest common divisor of v and 161?
23
Suppose 2*d = 3*c + 20163, -36471 = -5*d - c + 13996. What is the greatest common factor of 58 and d?
58
Let q be (-5824)/(-195) + 4/30. Suppose 21*k - 24*k + q = 0. Suppose -32 = -2*s - k. Calculate the greatest common factor of s and 77.
11
Let k(t) = -226*t - 7. Let v(a) = 28*a + 1. Let s(m) = -6*k(m) - 51*v(m). Let r be s(-2). What is the highest common factor of 15 and r?
15
Let k(y) = 69*y - 1300. Let q be k(19). What is the greatest common divisor of q and 9053?
11
Suppose -7677 - 26108 = -154*v + 3483. Calculate the greatest common factor of 1342 and v.
22
Suppose 9*p - 14 = 22. Suppose -5*l + 70 = -p*l. Let v be 1043/l - 1/(-10). Calculate the highest common divisor of 3 and v.
3
Let b = 103 - 100. Suppose -4*o - 3*h + 88 = 0, o - 2*o - b*h = -22. Suppose 343 = 3*v + 13. Calculate the highest common divisor of o and v.
22
Suppose 0 = 2*s - 0*s + 484. Let t = -204 - s. What is the greatest common divisor of t and 95?
19
Let h = 470 + -470. Suppose -5*n + 4*q = -630, 3*n + h*n - 5*q - 378 = 0. What is the greatest common divisor of 210 and n?
42
Let x(s) = -7 + 11 + 0 - s**3 - 5*s**2 + 4*s. Let d be x(-6). Suppose 0 = -3*n - 0*y - 3*y + 27, 5*n - 39 = y. Calculate the highest common divisor of n and d.
8
Suppose 182*k = 186*k + s - 203, -3*k = 4*s - 162. What is the greatest common factor of k and 320?
10
Suppose -22*s + 303 = -28*s + 1983. Let h = -40 + 110. Calculate the greatest common divisor of s and h.
70
Let w be ((4263/(-145))/(-7))/((-1)/(-10)*2). Calculate the greatest common divisor of 1519 and w.
7
Let q(w) = -w**3 - 20*w**2 - 36*w + 6. Let x be q(-18). Let t be (2783/44 + x/8)/2. What is the highest common divisor of t and 544?
32
Let f be 2*(252/32)/(-9)*4. Let t be (f/(-3) - 1)/(2/375). Calculate the greatest common factor of t and 40.
10
Suppose -159*f + 157*f - 24 = 0. Let c(i) = 4*i**2 + 5*i - 87. Let m be c(f). What is the highest common factor of 33 and m?
33
Let n = -2741 - -4031. What is the greatest common factor of n and 30?
30
Let j = -23 + 26. Suppose 3*r = -j*a - 33, 13 = -3*a + r - 0*r. Let n be (60/(a/2))/((-6)/39). What is the greatest common divisor of n and 26?
26
Suppose 2*u + 2*u = 36. Suppose 13*h - u*h = 84. Calculate the highest common factor of 14 and h.
7
Suppose -620*x = -598*x - 594. Wh